 when 14684 is divided by 102?
98
What is the remainder when 974 is divided by 501?
473
Calculate the remainder when 81675 is divided by 79.
68
What is the remainder when 3516 is divided by 28?
16
What is the remainder when 118522 is divided by 39502?
16
What is the remainder when 401533 is divided by 5?
3
Calculate the remainder when 3498 is divided by 425.
98
What is the remainder when 11753 is divided by 79?
61
What is the remainder when 22735 is divided by 219?
178
What is the remainder when 454508 is divided by 28?
12
Calculate the remainder when 21336 is divided by 1431.
1302
Calculate the remainder when 7090 is divided by 372.
22
What is the remainder when 14566 is divided by 662?
2
Calculate the remainder when 22624 is divided by 84.
28
Calculate the remainder when 586429 is divided by 272.
269
What is the remainder when 2248 is divided by 81?
61
Calculate the remainder when 4435 is divided by 369.
7
What is the remainder when 9289 is divided by 3093?
10
What is the remainder when 6139 is divided by 3065?
9
Calculate the remainder when 47571 is divided by 683.
444
What is the remainder when 989822 is divided by 304?
302
What is the remainder when 341025 is divided by 14?
13
What is the remainder when 3358 is divided by 3243?
115
Calculate the remainder when 9728 is divided by 3241.
5
Calculate the remainder when 34737 is divided by 299.
53
Calculate the remainder when 2295 is divided by 1127.
41
Calculate the remainder when 13438 is divided by 5.
3
What is the remainder when 92504 is divided by 46?
44
Calculate the remainder when 46816 is divided by 7792.
64
What is the remainder when 165472 is divided by 255?
232
What is the remainder when 29850 is divided by 68?
66
What is the remainder when 1481015 is divided by 118?
115
What is the remainder when 1513491 is divided by 282?
279
What is the remainder when 98799 is divided by 677?
634
Calculate the remainder when 42584 is divided by 24.
8
What is the remainder when 14607 is divided by 88?
87
What is the remainder when 460286 is divided by 64?
62
What is the remainder when 17110 is divided by 5700?
10
Calculate the remainder when 368182 is divided by 36817.
12
What is the remainder when 702 is divided by 106?
66
What is the remainder when 62237 is divided by 47?
9
What is the remainder when 170 is divided by 31?
15
What is the remainder when 15133 is divided by 7557?
19
Calculate the remainder when 1153736 is divided by 820.
816
Calculate the remainder when 156128 is divided by 53.
43
Calculate the remainder when 37817 is divided by 788.
781
What is the remainder when 35057 is divided by 7?
1
Calculate the remainder when 10100 is divided by 131.
13
Calculate the remainder when 3596 is divided by 357.
26
Calculate the remainder when 16881 is divided by 706.
643
Calculate the remainder when 863 is divided by 406.
51
What is the remainder when 629057 is divided by 22?
11
Calculate the remainder when 266 is divided by 152.
114
Calculate the remainder when 50047 is divided by 286.
283
Calculate the remainder when 36555 is divided by 12143.
126
What is the remainder when 386063 is divided by 1008?
1007
What is the remainder when 647850 is divided by 16?
10
Calculate the remainder when 176608 is divided by 145.
143
Calculate the remainder when 343 is divided by 262.
81
What is the remainder when 50151 is divided by 7161?
24
Calculate the remainder when 13656 is divided by 369.
3
What is the remainder when 222251 is divided by 111069?
113
Calculate the remainder when 238418 is divided by 455.
453
What is the remainder when 7981 is divided by 557?
183
Calculate the remainder when 123757 is divided by 41234.
55
What is the remainder when 128664 is divided by 5?
4
Calculate the remainder when 157937 is divided by 564.
17
Calculate the remainder when 65209 is divided by 65205.
4
Calculate the remainder when 2140 is divided by 281.
173
Calculate the remainder when 35487 is divided by 3943.
0
Calculate the remainder when 85840 is divided by 1281.
13
What is the remainder when 11812471 is divided by 259?
258
What is the remainder when 112316 is divided by 144?
140
Calculate the remainder when 130637 is divided by 184.
181
What is the remainder when 402 is divided by 96?
18
Calculate the remainder when 99450 is divided by 1156.
34
Calculate the remainder when 1309 is divided by 250.
59
Calculate the remainder when 5884 is divided by 2936.
12
Calculate the remainder when 36634 is divided by 55.
4
Calculate the remainder when 5515 is divided by 39.
16
Calculate the remainder when 2156 is divided by 47.
41
What is the remainder when 2170 is divided by 848?
474
What is the remainder when 18080 is divided by 1127?
48
What is the remainder when 5622 is divided by 1405?
2
Calculate the remainder when 42504 is divided by 399.
210
What is the remainder when 47904 is divided by 106?
98
What is the remainder when 263466 is divided by 94?
78
What is the remainder when 17290 is divided by 712?
202
What is the remainder when 28233 is divided by 72?
9
What is the remainder when 2378 is divided by 74?
10
What is the remainder when 59838 is divided by 195?
168
What is the remainder when 113828 is divided by 1897?
8
What is the remainder when 487 is divided by 116?
23
Calculate the remainder when 303875 is divided by 218.
201
What is the remainder when 3694 is divided by 65?
54
What is the remainder when 2489301 is divided by 334?
333
What is the remainder when 1597 is divided by 219?
64
What is the remainder when 66977 is divided by 1?
0
Calculate the remainder when 41137 is divided by 776.
9
What is the remainder when 582414 is divided by 53?
50
What is the remainder when 2685 is divided by 137?
82
What is the remainder when 33520 is divided by 1197?
4
What is the remainder when 41579 is divided by 126?
125
Calculate the remainder when 76074 is divided by 107.
104
Calculate the remainder when 2932 is divided by 106.
70
Calculate the remainder when 51377 is divided by 20.
17
Calculate the remainder when 41875 is divided by 58.
57
What is the remainder when 104012 is divided by 2600?
12
Calculate the remainder when 12440 is divided by 215.
185
Calculate the remainder when 10155 is divided by 104.
67
What is the remainder when 21282 is divided by 165?
162
Calculate the remainder when 312 is divided by 8.
0
What is the remainder when 5784452 is divided by 782?
780
What is the remainder when 167238 is divided by 371?
288
What is the remainder when 5127 is divided by 2484?
159
What is the remainder when 6618 is divided by 1323?
3
Calculate the remainder when 483099 is divided by 992.
987
What is the remainder when 23240 is divided by 57?
41
Calculate the remainder when 1480182 is divided by 27.
15
Calculate the remainder when 12394 is divided by 170.
154
What is the remainder when 83644 is divided by 18?
16
What is the remainder when 2356 is divided by 1791?
565
What is the remainder when 1049 is divided by 904?
145
Calculate the remainder when 14336 is divided by 7137.
62
Calculate the remainder when 60611 is divided by 30290.
31
What is the remainder when 932131 is divided by 44?
35
Calculate the remainder when 1849067 is divided by 1033.
1030
What is the remainder when 1299094 is divided by 22?
16
Calculate the remainder when 15767 is divided by 178.
103
What is the remainder when 4618 is divided by 1124?
122
What is the remainder when 4812 is divided by 643?
311
Calculate the remainder when 123999 is divided by 83.
80
Calculate the remainder when 614 is divided by 425.
189
Calculate the remainder when 80584 is divided by 25.
9
What is the remainder when 120893 is divided by 191?
181
Calculate the remainder when 25271 is divided by 30.
11
What is the remainder when 1518 is divided by 49?
48
What is the remainder when 170732 is divided by 56909?
5
What is the remainder when 35269 is divided by 229?
3
Calculate the remainder when 256027 is divided by 101.
93
Calculate the remainder when 40627 is divided by 645.
637
What is the remainder when 16263 is divided by 43?
9
What is the remainder when 1382 is divided by 266?
52
Calculate the remainder when 3052 is divided by 459.
298
What is the remainder when 9110 is divided by 9022?
88
Calculate the remainder when 4545 is divided by 220.
145
Calculate the remainder when 31